mon divisor of 13066553 and 69?
23
What is the greatest common divisor of 92 and 17463210?
46
What is the greatest common divisor of 356 and 464564?
4
Calculate the highest common divisor of 3267241 and 771.
257
Calculate the greatest common divisor of 562003917 and 3678.
1839
What is the highest common divisor of 2856588 and 28644?
2604
What is the highest common divisor of 362650870 and 7430?
7430
What is the highest common divisor of 6034052 and 44116?
164
What is the greatest common divisor of 191180 and 65285?
55
What is the highest common factor of 17940 and 301260?
60
What is the highest common factor of 2356382 and 40404?
518
What is the highest common factor of 83200 and 131360?
160
Calculate the greatest common divisor of 5321 and 935557.
313
Calculate the highest common factor of 35545500 and 875.
125
What is the highest common divisor of 251027 and 186543?
2303
Calculate the highest common divisor of 15002 and 1442500.
1154
What is the greatest common factor of 49225 and 1611500?
275
What is the highest common divisor of 10511941 and 1299?
433
Calculate the highest common divisor of 1895 and 3111969.
379
What is the greatest common factor of 196 and 13035274?
98
Calculate the greatest common factor of 34126644 and 24.
12
Calculate the greatest common divisor of 2590 and 297044510.
2590
What is the greatest common factor of 72 and 225304?
8
What is the highest common divisor of 39 and 7228559?
13
Calculate the greatest common divisor of 88009872 and 16772.
2396
What is the highest common factor of 1900412626 and 106?
106
What is the greatest common divisor of 1301094 and 15744?
246
Calculate the highest common divisor of 108 and 11846.
2
Calculate the greatest common divisor of 54012 and 2632.
28
What is the greatest common divisor of 2728 and 18195078?
682
What is the highest common factor of 689843 and 11749?
31
What is the highest common factor of 16487994 and 3?
3
What is the greatest common divisor of 33 and 795040851?
33
Calculate the highest common divisor of 320 and 2013545.
5
Calculate the highest common factor of 432 and 27774.
18
Calculate the highest common divisor of 1893124 and 34236.
1268
Calculate the greatest common factor of 1519197 and 2607447.
4353
Calculate the greatest common divisor of 4 and 309780950.
2
Calculate the greatest common factor of 170852 and 1328.
4
What is the highest common factor of 2139402 and 276?
6
What is the greatest common factor of 92371 and 40612?
71
What is the highest common divisor of 3183942 and 1598280?
4206
What is the greatest common divisor of 888732 and 313794?
2106
What is the highest common divisor of 580847 and 761329?
1271
What is the greatest common divisor of 2857593 and 202?
101
Calculate the highest common factor of 27 and 564474.
3
What is the greatest common factor of 12414 and 385235386?
4138
Calculate the highest common factor of 96444 and 92186176.
3572
What is the greatest common factor of 43558 and 1049898?
1502
What is the highest common divisor of 17 and 183182497?
17
Calculate the highest common divisor of 292236 and 14526813.
1491
What is the highest common divisor of 80 and 9301685?
5
What is the highest common factor of 153 and 1588480?
17
Calculate the highest common divisor of 37490430 and 2160.
30
What is the highest common factor of 640456 and 25489?
359
Calculate the greatest common divisor of 2136 and 39142912.
712
Calculate the greatest common divisor of 713340 and 6480.
540
Calculate the greatest common divisor of 132 and 20362386.
66
What is the highest common divisor of 232512 and 119232?
192
What is the highest common divisor of 2 and 89137814?
2
Calculate the highest common divisor of 29800 and 2298725.
25
What is the greatest common divisor of 132067 and 1651?
13
What is the greatest common factor of 77076 and 4236?
12
What is the highest common factor of 1631 and 45167283?
1631
What is the highest common divisor of 914066 and 3977114?
1426
Calculate the greatest common divisor of 55 and 612340003.
11
What is the highest common divisor of 32 and 4377744?
16
Calculate the highest common divisor of 12 and 6728298.
6
What is the greatest common factor of 44622106 and 2?
2
What is the greatest common factor of 38042522 and 228?
38
Calculate the greatest common divisor of 21 and 27860931.
21
Calculate the greatest common factor of 1969 and 2972474.
179
Calculate the greatest common divisor of 3 and 233550201.
3
What is the highest common factor of 77496 and 83784?
24
Calculate the highest common divisor of 720 and 262244070.
90
Calculate the greatest common factor of 256900 and 21420.
140
What is the greatest common divisor of 36 and 229856850?
18
Calculate the greatest common factor of 322 and 13726975.
23
What is the greatest common divisor of 40835921 and 68?
17
Calculate the greatest common divisor of 57713292 and 30.
6
What is the highest common divisor of 49073950 and 1535?
1535
Calculate the highest common factor of 31312540 and 101612.
5348
What is the greatest common factor of 508 and 11153552?
4
What is the highest common factor of 15050 and 899360?
70
Calculate the greatest common divisor of 64572 and 2904.
12
Calculate the highest common factor of 80 and 17516830.
10
Calculate the greatest common divisor of 234 and 1228392.
18
What is the greatest common factor of 4906552 and 5740?
1148
Calculate the greatest common divisor of 32 and 15950096.
16
Calculate the highest common divisor of 102661524 and 526.
526
What is the greatest common factor of 18225 and 2211525?
225
What is the highest common divisor of 261901 and 1726771?
4439
Calculate the highest common factor of 1457 and 1173443.
31
What is the highest common factor of 50 and 24360?
10
What is the highest common divisor of 457215 and 863445?
165
What is the highest common factor of 1945746 and 4257?
99
Calculate the highest common factor of 1539 and 477333.
81
What is the greatest common factor of 13305900 and 6?
6
What is the highest common factor of 175725 and 23643?
639
Calculate the highest common divisor of 79086148 and 188.
188
What is the highest common divisor of 771826 and 539?
11
Calculate the highest common divisor of 182 and 17159.
1
Calculate the greatest common factor of 15 and 20514325.
5
Calculate the greatest common divisor of 20 and 21815356.
4
Calculate the highest common divisor of 2832 and 20576.
16
Calculate the greatest common factor of 195 and 2613.
39
Calculate the highest common divisor of 1650 and 5233973250.
1650
Calculate the highest common factor of 1146553 and 1233.
137
What is the highest common divisor of 1234075 and 2075?
25
Calculate the highest common factor of 108 and 2947244.
4
Calculate the highest common divisor of 1862936 and 34550.
1382
What is the highest common factor of 12823020 and 540?
180
What is the highest common factor of 100344 and 606504?
888
Calculate the highest common divisor of 5143144 and 10320.
344
What is the highest common divisor of 56580 and 444590?
230
Calculate the highest common factor of 331545 and 83145.
345
Calculate the highest common divisor of 61248638 and 638.
638
Calculate the highest common divisor of 177 and 58894508.
59
Calculate the highest common factor of 175 and 38647700.
175
What is the highest common divisor of 13 and 358047521?
13
Calculate the greatest common factor of 423 and 29961.
9
Calculate the highest common divisor of 222509 and 29792.
931
What is the greatest common divisor of 4427876 and 2?
2
Calculate the highest common factor of 59066 and 5614.
14
What is the highest common factor of 3171258 and 162?
54
Calculate the highest common divisor of 783928 and 17081.
899
What is the highest common factor of 520 and 22273355?
65
What is the highest common divisor of 43915236 and 30?
6
Calculate the highest common divisor of 1567811 and 52283.
679
Calculate the greatest common divisor of 498 and 25634052.
498
Calculate the highest common factor of 120 and 195186450.
30
What is the highest common factor of 33396 and 25778082?
726
What is the highest common factor of 247320 and 27000?
1080
What is the greatest common factor of 1862428803 and 797?
797
Calculate the highest common divisor of 3850 and 464926.
154
Calculate the highest common factor of 55 and 419542035.
55
What is the highest comm